t w(a) = -2*a**3 + 7*a**2 + 9*a + 2. Let q be w(8). Is q/(-2)*(-1 - -2) a prime number?
True
Let q(s) = 3*s - 4. Let a be 8/(-36) - 83/(-9). Is q(a) prime?
True
Let p = -683 - -2244. Is p prime?
False
Suppose -2133 = -3*q + 2*j - 296, -5*q = -j - 3057. Is q a composite number?
True
Let k(g) = -g**3 - 4*g**2 + 4*g - 4. Let q be k(-5). Let u(p) = -39*p - p + q - 2. Is u(-2) a composite number?
False
Let a(g) = 4*g**2 + 8*g - 11. Is a(15) composite?
False
Let k be (-3)/2 - (-12)/8. Suppose -v + 5*v = -2*c - 26, -v + 2*c + 1 = k. Let d(s) = 6*s**2 - 5. Is d(v) a prime number?
False
Let t = -170 - -419. Is t a composite number?
True
Let x be (5/(-2))/((-1)/2). Suppose 0 = g + 3*n - 163, -g = -5*g - x*n + 652. Is g a composite number?
False
Let s(o) = -108*o + 7. Is s(-3) a composite number?
False
Let o(m) be the third derivative of m**5/40 + m**4/24 - m**3/2 + 2*m**2. Let k(u) be the first derivative of o(u). Is k(6) a prime number?
True
Let d be 1 - (2 - (450 - -3)). Let x = -121 + d. Is x prime?
True
Let d = 70 + -11. Is d prime?
True
Is (-10 - 3)/((-1)/1) composite?
False
Suppose 0 = -5*g + 2*m - 504 + 17961, -g + 3*m = -3494. Is g prime?
True
Let g be 2/3 + (-258)/(-18). Is g*2 + 4 + -1 composite?
True
Suppose -733 = -4*q + 1755. Is q a composite number?
True
Let p(o) = -16*o - 3. Is p(-5) prime?
False
Let n(h) = -h**3 - 3*h**2 + 11*h + 13. Is n(-6) a prime number?
False
Let m = -94 - -45. Let d = -33 - m. Suppose 4*h - 4*f = d, -3*h - 5*f + 22 = -3*f. Is h a prime number?
False
Suppose 0 = -2*n - 0 + 2. Is -332*((-28)/16)/n prime?
False
Let p = -5 + 9. Suppose -w + q + 2 = -3, -3*w = p*q + 20. Suppose k + 2*k - 105 = w. Is k a composite number?
True
Let f(c) = -70*c - 5. Is f(-3) a composite number?
True
Suppose 0 = 2*u - 0*u - 12. Let f be 23/7 - u/21. Suppose 0 = -s + 8 + f. Is s a prime number?
True
Let y be -1 - (4 + -1) - -2. Let i be (1/(-3))/(y/30). Let w(s) = s**3 - 5*s**2 + 2*s. Is w(i) composite?
True
Suppose 2385 = 5*o - 5*n, -5*n - 7 = -17. Is o composite?
False
Let o = -15 - -10. Let q = o + -28. Let y = q + 86. Is y a composite number?
False
Let m(w) = -w**2 + 11*w - 5. Suppose 5*j + 4 = -3*x - 9, 4*j + 32 = 3*x. Is m(x) a composite number?
False
Let g(a) = 113*a + 8. Is g(3) a prime number?
True
Let b(t) be the third derivative of 31*t**4/12 + t**3/2 - 4*t**2. Is b(2) prime?
True
Is 6/4 + 3419/2 a prime number?
False
Suppose 0*f = 2*f - 4. Let z = 15 - f. Is z a prime number?
True
Let g = 1 - -1. Suppose -2*m + 5*d + 19 = -31, 3*m + 5*d - 25 = 0. Suppose -g*a - 3*a + m = 0. Is a prime?
True
Let b = -23 + 208. Is b composite?
True
Let p be (-6)/(-9) + 928/(-6). Is p/(-6) + 2/6 composite?
True
Let t(o) = o**3 + 13*o**2 + 14*o + 26. Let q be t(-11). Let n(p) = -p**2 - 4*p + 3. Let b be n(-5). Is (b/(-3))/(4/q) a composite number?
False
Let z(w) = -100*w**3 + w**2. Let v be z(1). Let t = v - -254. Is t prime?
False
Suppose z = 3*l - 661, 4*l - 1135 = -l - 5*z. Suppose -5*g + 2*g = l. Is 2/(144/g - -2) a prime number?
True
Let j(i) = 5*i**2 + 7. Is j(6) a prime number?
False
Let l(m) = m + 11. Let k(x) = 3*x - 3*x + x + 10. Let o(f) = 5*k(f) - 4*l(f). Is o(8) a composite number?
True
Let j = -1 + -10. Let z(d) = -d**2 - 14*d - 2. Is z(j) a composite number?
False
Suppose k + k - 8 = 0. Suppose 131 = k*p - 105. Is p prime?
True
Let w be ((-20)/6)/((-14)/651). Suppose y + 3*l = -l + w, 4*y + 3*l - 633 = 0. Is y composite?
True
Let f be (-6)/27 + (-174)/(-54). Suppose f*l + 134 = 2*i - 60, 3*l = -4*i + 370. Is i a composite number?
True
Let w = -4 - 0. Is 26411/55 + w/(-5) composite?
True
Let j be (0 - 3)/(-3)*-3. Is (758/3)/((-2)/j) a prime number?
True
Let a = 112 + 155. Is a a composite number?
True
Let c = 15 - 9. Is 6/9 - (-1190)/c a composite number?
False
Suppose 5*r + 47 = -3*k - 101, 116 = -3*r + 5*k. Suppose 0 = -l - 2, -4*i + 0*l = 2*l - 272. Let c = i + r. Is c a prime number?
True
Let t be (3/(-2))/((-3)/4). Suppose 131 = 3*h - t*h. Suppose 4*d - 224 = -4*x - 28, 3*x - 5*d - h = 0. Is x a composite number?
False
Suppose 2*x = -2*x + 12. Suppose -x*y + 56 = -49. Is y composite?
True
Let f = 5 - 2. Suppose 0*r + f*r = 618. Suppose -128 - r = -2*b. Is b composite?
False
Let t(x) = -71*x + 1. Let z be t(-2). Suppose 2*i + 4*f = -f + 146, f + 392 = 5*i. Let s = z - i. Is s prime?
False
Suppose -5*f = -3*y - 159, 4*f + 84 = -y - y. Let v = -25 - y. Is v a prime number?
True
Let m(w) be the first derivative of -w**4/4 + 7*w**3/3 - 3*w**2 + 6*w - 2. Let v be m(6). Is 2*62 + v/2 composite?
False
Suppose 555 = 5*k - 8*q + 3*q, 0 = 5*k + 5*q - 505. Is k composite?
True
Let t(k) = -16*k - 13. Is t(-14) a composite number?
False
Let c = 16 + -3. Is c a composite number?
False
Suppose -25 = 2*l + 27. Suppose -3*y + 80 = -5*y. Let q = l - y. Is q a prime number?
False
Let b(y) be the second derivative of -3*y**3/2 - y**2/2 - y. Is b(-6) composite?
False
Let g = -6 + 8. Is 87/6 - g/(-4) prime?
False
Suppose 4*w = -2*s + 184, 3*w + 0*s - 138 = 2*s. Is w a prime number?
False
Let m be 2/(4/(-6))*-1. Suppose -5*a + 175 = m*s + 2*s, -s - 35 = -a. Is a a prime number?
False
Let z = 2200 - 639. Is z a prime number?
False
Suppose 0 = 5*p - 5*l + 5, 14 - 5 = 3*l. Is p + 170/2 + 2 a prime number?
True
Let y(w) = -2*w - 5. Let o be y(-5). Let s(p) = 35*p + 5 - 2 - 28*p. Is s(o) prime?
False
Suppose -2*i - 165 = i. Suppose k - 4*v = -0*v + 138, k + 4*v - 162 = 0. Let r = i + k. Is r a composite number?
True
Let u(f) = 2*f**2 + 15*f. Is u(-13) composite?
True
Let c be ((-237)/9)/(5/(-15)). Let l = c - 12. Is l a composite number?
False
Let z = -11 + 8. Let w be 10/25 - (-3)/5. Is w + 33 - (z - -3) a prime number?
False
Suppose k + k - 2 = 0. Let w = k + -4. Is 2/w - (-94)/6 composite?
True
Let y(q) = 31*q - 2. Let n(x) = -x. Let m be n(-3). Is y(m) composite?
True
Let b = -2 + 8. Let w = 14 - 10. Suppose b*i - 36 = -w*v + i, -i = -v. Is v prime?
False
Let t(k) = 56*k**2 - 4*k - 5. Is t(-4) composite?
False
Let y(h) = h**2 + 8*h + 10. Let j be y(-7). Is (0 + j/9)*261 composite?
True
Let y = -1 + 2. Let h(n) = 32*n**3 + 1. Is h(y) prime?
False
Let v be (-78 - (2 - 5))/(-1). Suppose v = 7*h - 2*h. Is h a prime number?
False
Is (-4685)/(-20) + 3/4 composite?
True
Is (2/6)/(1 + (-12246)/12249) a prime number?
True
Suppose -c - 22 = -5*u, -u = -5*u - 2*c + 12. Suppose 5*a = 5*q, 2*a - u = -2*a + 5*q. Is ((-21)/4)/(1/a) a prime number?
False
Suppose 3*f - 4*h - 699 = 518, 5*h = -2*f + 796. Is f a prime number?
False
Suppose 11119 = 2*o + u - 0*u, -o + u + 5552 = 0. Is o a composite number?
False
Suppose -s + 10 = 4*s. Let z be (-3)/s + (-870)/(-20). Suppose -z = -5*k + 68. Is k a prime number?
False
Suppose -6030 = -5*p - 815. Is p a composite number?
True
Let s = 816 - 193. Is s prime?
False
Let s(w) = w**3 - 3*w**2 - 2*w + 1. Suppose -j = -18 - 15. Suppose -k - k - 5*g + 17 = 0, 0 = -5*k - 3*g + j. Is s(k) a composite number?
False
Let k be 1/(-3 + 52/18). Is (1004 + 0)*k/(-36) prime?
True
Suppose -5*m = 2*o + 79 + 16, -15 = -3*m. Let z = o + 125. Is z a prime number?
False
Let k = -1108 + 3425. Is k a prime number?
False
Is (-13 + 6)/(3/(-69)) a prime number?
False
Let m(f) = -f**2 - 7*f - 5. Let a be m(-7). Let o(k) = -166*k + 9. Is o(a) a prime number?
True
Let x(c) = -c**3 - c**2 + c + 2. Let w be x(0). Suppose 5*q - w = 28. Let s = q - 0. Is s composite?
True
Let n(w) = -11*w + 4. Suppose 5*r - r = -40. Let o be 26/r + 2/(-5). Is n(o) a prime number?
True
Suppose 0*u - 2*u = -4. Let d be 6/((-4)/u) - -2. Is d + 0 + 12/1 composite?
False
Suppose 3*t - y - 668 = 0, -4*t + 895 = y + 2*y. Is t a prime number?
True
Let n = -63 + 158. Is n a prime number?
False
Let n(q) = q - 2*q - 4*q. Let b(v) = 10*v. Let f(h) = -3*b(h) - 7*n(h). Is f(2) a composite number?
True
Let d(v) = 159*v - 19. Is d(12) composite?
False
Is 3 + 2820 - (-4 + 8) a prime number?
True
Let o be (-1 - (-10)/6)*21. Let j = 103 - o. Is j composite?
False
Let i = -1 + 1. Suppose 4*y - 4*v = -3*v - 4, i = -5*y + 5*v - 5. Is 3 + y - (-4 - 15) a composite number?
True
Let z(a) be the first derivative of 7*a**5/60 - a**4/6 - 2*a**3/3 - 3*a**2/2 - 1. Let h(g) be the second derivative of z(g). Is h(-3) composite?
False
Let q = 167 + 172. Is q a prime number?
False
Let b be -5*1*(-8)/20. Suppo